50. Calculate the greatest common factor of a and 25.
25
Let j(g) = -6*g - 13. Let h(l) = -13*l - 25. Let x(c) = -2*h(c) + 5*j(c). Let r be x(-10). Let d = r + -17. What is the highest common factor of d and 8?
8
Let w be (-2)/(-1) + 3280/8. Let r = w + -388. Calculate the greatest common divisor of r and 1272.
24
Suppose 11*t + 22*t = 528. What is the greatest common divisor of 10208 and t?
16
Let v = 3344 + -3129. Calculate the highest common factor of v and 516.
43
Suppose -973 = -6*g - 85. Suppose -7*a = -839 - g. What is the greatest common divisor of 188 and a?
47
Let f be -3*222/(-9) - 2. Let n be f/(-42)*399/(-6). Suppose 0 = 59*z - 129 - 225. Calculate the greatest common factor of n and z.
6
Suppose -114*s + 6662 + 7474 = 0. What is the greatest common factor of 837 and s?
31
Suppose 0 = -4*b + 34 + 94. Let t be (-4 + 1)*(-3)/((-9)/(-4)). Let n be (-2)/((-12)/(-9)) - (-38)/t. What is the greatest common divisor of n and b?
8
Suppose 91126 - 8365 = 122*l - 28503. Calculate the greatest common divisor of 1728 and l.
48
Let k(o) = -o**2 - 4*o + 3 + 0 + 3. Let b = -1980 - -1976. Let w be k(b). Calculate the greatest common factor of 66 and w.
6
Let q(z) = -139*z + 3111. Let g be q(21). What is the greatest common factor of g and 60?
12
Let d = 2200 - 1700. Calculate the highest common factor of d and 75.
25
Suppose -367559 = -148*k - 64*k + 875821. Calculate the highest common divisor of k and 850.
85
Let g be (-375)/20*(64/6)/(-4). Let a be (-14)/(-1*(-2)/6). Let v = a + g. What is the highest common factor of 12 and v?
4
Let l = -136 - -250. Suppose 2*m = 2*a + 12, -2*m - 10*a = -3*a - 66. What is the greatest common divisor of m and l?
6
Let i(d) = -d**2 + 10*d + 20. Let r be i(12). Let m be (-3)/(3 + -4) + (r - -47). What is the highest common factor of 184 and m?
46
Let q be (-2)/6 - 402/9. Let u = -39 - q. Let a be 34/255 + (-58)/(-15). Calculate the highest common divisor of a and u.
2
Let s(r) = -7*r - 4. Let u be s(-1). Suppose 4*d + 70 = 5*o + 187, 49 = u*d + 4*o. What is the greatest common factor of 92 and d?
23
Let n be ((9 - 0) + -1216)*(7 + -8). Suppose 95 = 5*s - 2*b - 3*b, b + 53 = 3*s. What is the greatest common divisor of s and n?
17
Let k = -62 + 49. Let p(l) = -l**2 - 10*l - 7. Let q be p(-6). Let i = q + k. What is the greatest common factor of i and 64?
4
Let z be (-5)/15 + (-97)/(-9)*3. Let o = 87 - z. What is the greatest common divisor of 5 and o?
5
Let o = -8184 - -8199. Calculate the highest common divisor of o and 1875.
15
Suppose -3*p = 5*s - p - 39, 4*p = -s + 15. Let m be (-18)/(-24) - 2415/20. Let k = m + 155. Calculate the greatest common factor of s and k.
7
Suppose -1730 + 92 = -r. Let g be (-5 - (-46)/10)*-15. Suppose -g*w + r = w. Calculate the greatest common factor of w and 26.
26
Suppose -75 = 6*m - 11*m. Let h be ((-1440)/8)/((-3)/8*2). Calculate the highest common divisor of h and m.
15
Suppose 6809*p - 204680 = 6739*p. What is the greatest common divisor of 340 and p?
68
Suppose 4*l = t - 348, 16*l = 9*l + 7. Calculate the greatest common factor of t and 112.
16
Let c be (25 - 2) + -5 + 0. Suppose -5*g + g - 8 = 0. Let r(h) = -8*h**3 + h**2 - h + 2. Let b be r(g). Calculate the highest common divisor of c and b.
18
Let h be 2*59 + (8/4 - 6). Let m = -113 + h. Let p be 2/m*(4 + 0). What is the highest common factor of 64 and p?
8
Let a = 339 + 189. Suppose -58 = -19*h + 360. Calculate the highest common divisor of h and a.
22
Suppose 0*y = 5*y + 2*y. Suppose -3*q = f - 13, -5*q + 2*f = -y*q - 29. Suppose -q*b = 2*a - a - 119, -a = -4. Calculate the greatest common factor of b and 46.
23
Let v(u) = 121*u - 7879. Let z be v(71). What is the greatest common factor of z and 14?
2
Suppose 2 = b + 171*k - 169*k, 3*b + 3*k - 21 = 0. Let s(t) = 193*t**2 + t. Let y be s(-1). Calculate the highest common divisor of b and y.
12
Let y = -175 + 181. Suppose 0 = -2*p - y, -p = -2*x + 3*p + 48. Calculate the greatest common factor of 42 and x.
6
Suppose v + 4 = 7. Suppose 18 = -4*w - 3*t, -5*t - v = 5*w + 17. Let b be (1 + 22)*(-1 - w). What is the greatest common factor of 46 and b?
23
Suppose 5*i - 9 = 4*i. Let y = -3029 + 3065. Calculate the highest common divisor of i and y.
9
Let j be 16 - 4*(-3)/(-3). Let n be ((-6)/j*-8)/((-2)/(-8)). What is the greatest common divisor of n and 24?
8
Let s(g) = 2*g**2 + 24*g - 70. Let a be s(-21). Let v = a - 209. Calculate the greatest common divisor of 132 and v.
33
Let t(d) = -23*d**2 + 40*d**2 - 2*d**3 + 4 - 20*d**2. Let a be t(-2). Let x be (9/(-5))/(a/(-40)). What is the highest common divisor of x and 9?
9
Let w be (5 + 20/(-5))*(5 - 0). Suppose -h + 2*u + 158 = -5*h, 4*h + w*u + 161 = 0. Let q = 93 + h. Calculate the highest common divisor of q and 6.
6
Let d(c) = 4 - c + 4*c**2 + 0*c - 3*c**2. Let w be d(-4). Let f = w + 6. Calculate the highest common factor of f and 10.
10
Suppose -3*c - 2286 + 10338 = -3*w, -10740 = -4*c + 6*w. What is the greatest common divisor of 18 and c?
18
Suppose -33*v + 29*v - 3*s + 39396 = 0, -v + 9856 = -s. What is the greatest common factor of v and 12?
12
Suppose 258 = 59*j - 65*j. Let q = j - -131. Calculate the greatest common divisor of 44 and q.
44
Let t = 100 + -59. Suppose 305*s - 263 = 42. Calculate the greatest common factor of t and s.
1
Suppose 428*n - 138128 = -493*n - 53396. Suppose 0 = l + 3*l + 4*d, 4*l + 5 = d. Let p be 4*l/((-4)/23). Calculate the greatest common divisor of n and p.
23
Suppose 4*o - 3*d = -d - 134, 88 = -3*o + 4*d. Let j = -32 - o. Let x(p) = p**2 + 2*p - 12. Let a be x(j). What is the highest common factor of 18 and a?
6
Suppose -17*y - 112956 = -72*y + 9364. Calculate the greatest common divisor of 16 and y.
16
Let u be ((0 - -16) + -26)*(-8)/10. Calculate the highest common divisor of 8928 and u.
8
Suppose -444*o + 11559 = -12*o + 1623. What is the greatest common divisor of o and 37352?
23
Let p = -15 + 2. Let w = 13 + p. Let y be w + (12 - (-2 - 0)). What is the greatest common factor of 70 and y?
14
Let y(g) = 15*g + 124. Let i be y(-8). Suppose 5*w + i*s - 15 = 89, -2*w + 44 = 4*s. What is the greatest common factor of w and 16?
4
Let x be (17/(-85))/(138/70 - 2). Suppose -3*h + v = -47, -62 + 10 = -3*h + 2*v. What is the greatest common divisor of h and x?
7
Suppose -6*z + 3*z + 453 = 3*w, w + 4*z - 157 = 0. Suppose 3*u = w + 121. Calculate the greatest common factor of u and 135.
45
Let r = 107 + -15. Suppose 0 = 3*n - 1594*m + 1597*m - 426, -n = -4*m - 122. What is the greatest common factor of r and n?
46
Suppose n = -3*k + 13, 396*n - 399*n + k = -59. Let l(f) = 57*f**2 + f + 1. Let g be l(-1). Calculate the greatest common divisor of g and n.
19
Let f(i) = i**2 + 13*i + 36. Let c be f(-7). Let q be 3*c/(-18) - 0. What is the highest common divisor of q and 9?
1
Suppose 2*u - 3*w - 96 = -0*w, 0 = -4*u + 2*w + 200. Suppose -u*t + 36594 - 4770 = 0. Calculate the highest common divisor of t and 39.
39
Let k be (-3022)/(-9) - 350/(-1575). Calculate the greatest common divisor of k and 64.
16
Let l(d) = -278*d**3 - 7*d**2 - 7*d. Let u be l(-2). What is the highest common factor of 195 and u?
65
Let o(x) = -x**2 + 28*x - 94. Let d be o(24). Suppose -9*l + 722 = -7*l - d*b, 3*l - 5*b = 1083. Calculate the highest common divisor of l and 19.
19
Let f(s) = s**3 + 8*s**2 - 22*s - 112. Let u be f(23). Calculate the highest common divisor of 43 and u.
43
Let w be (-28969)/(-2455) + 11/5. Calculate the highest common divisor of w and 1015.
7
Let x(t) = 177*t**2 - 53*t - 163. Let s be x(-4). What is the greatest common divisor of 86 and s?
43
Let f = 2 - 2. Suppose f = -r - 5*d - 20, d - 2 = -7. Suppose -3*q + 4*q - 2 = r*c, 3*q + 3*c = 78. What is the greatest common divisor of 55 and q?
11
Let d(h) = -33*h**2 + 2*h + 1 + 1 - 6*h - h. Let w be d(3). Let n be 16/(-56) + w/(-7). Calculate the highest common divisor of 11 and n.
11
Suppose 964*k - 5*z = 965*k - 193, -4*z + 380 = 2*k. Calculate the greatest common factor of k and 8.
4
Suppose -4*b + 20 + 28 = 0. Suppose -b*n - 219 = -15*n. Suppose -5*c + 4 - 54 = -4*l, -n = -5*l + c. Calculate the highest common divisor of l and 75.
15
Suppose -4*o - 5736 = -5*i - 5*o, 4*o - 5724 = -5*i. Let g = 1166 - i. Suppose -2*k + 24 = 2*k. Calculate the gr